
22
(19 - (-3 + 3)) + (10 - -29)
58
Calculate -40 + 54 + -11 + -22 + 6.
-13
-2 + (-7 - (-2 - -1) - -17) - (0 - -64)
-55
1 + -3 + (34 - (157 - 180 - (3 - 28)))
30
What is the value of -58 + (7 - (-11 + 7) - -4)?
-43
Evaluate 25 - (120 + -38 - -10) - (0 - -3).
-70
Evaluate -21 + (-35 - -21 - -47 - 23) + -16 + -2.
-29
Calculate -67 - -60 - -102 - 59.
36
2 - (57 + -19) - 6
-42
What is the value of 10 - -1 - (-1 + 21 - 24)?
15
Calculate 29 + (24 - (131 - (8 - 4))).
-74
Calculate 2 + (-1 - 2) + (-66 - (4 - 17)).
-54
Calculate -4 + 1 + (-7 - -7) + 33 + (-7 - -13).
36
-2 + 18 + 9 + 3 + -5 + 8
31
What is -9 + (-6 - 35) + 10?
-40
Calculate 9 + -9 + (-20 - -1) + 41.
22
What is the value of -13 + -21 + 17 + -24?
-41
What is 591 + -505 + (-47 - 1)?
38
Calculate (23 - 0) + -759 + 688 - -29.
-19
Evaluate ((8 - 17) + 1 - -3 - -16) + 2 + -8.
5
What is -7 + 8 + 11 + -12 - -18?
18
Calculate 33 - (-8 - 3 - (13 + -35 + 16)).
38
What is 57 + 6 + -30 + -45?
-12
Calculate 12 - (10 - (10 - (12 - 9))) - 12.
-3
Evaluate (7 - 19) + (11 - -19) + -11 + 0 - 21.
-14
Evaluate -7 + 1 + 1 + (-9481 - -9491).
5
Evaluate (978 - 905) + (-26 - 2).
45
What is 5 + (-4 + -5 + 12 - (-19 - -32))?
-5
(49 - 21) + 2 - 48
-18
-43 - 1 - -69 - 27 - (-21 - 0)
19
Calculate 33 - (70 + -43) - (-19 + 81).
-56
Calculate -6 - -1 - (21 + -49 + 1 + 16).
6
What is the value of -9 - (10 + -16 + -12 - (-6 + -8))?
-5
What is the value of (8 + -8 - -8) + 5 + -7 - (-1 - -1)?
6
(-13 + -2 - (988 + -953)) + 29
-21
Evaluate (1 - (6 + 5)) + 15 + 29 + -2.
32
What is (89 - 47 - 18) + 27?
51
What is (-98 - -4) + (-130 - -201)?
-23
-4 + -36 - (-1 + -2 + (-1 - 0))
-36
Evaluate (-9 - -22) + (-3 - (-3 + (-6 - -43))).
-24
Calculate (-44 - (8 + -12)) + 65.
25
What is (16 - 1) + (260 - 264)?
11
Calculate 103 + 37 + -116 + (0 - 52).
-28
Calculate (192 - (159 - 58)) + 22.
113
Evaluate -31 - (-4 + 5 + -8 + 0 + 3) - -9.
-18
Calculate (-2 - 6) + 14 + -3 - (-11 + 57).
-43
16 + 52 + (30 - 96)
2
Evaluate 23 - (23 + -21) - 55 - (-2 - (3 + 3)).
-26
Calculate -46 + (-65 - -28) + 21.
-62
Calculate 10 - (-19 + (21 - (-8 - 5))).
-5
What is the value of 20 - ((-13 - -24) + 29 + -6)?
-14
Calculate -16 - (934 - 947 - (-3 - (20 + 3))).
-29
Calculate (54 - (16 - (5 - 6))) + -4 + 3.
36
-125 + (-93 - 11) + 202
-27
What is the value of 34 - (1 - (-14 + -4 + 33))?
48
What is the value of -34 + (31 - (19 - 10)) - (-4 - -9 - -108)?
-125
Calculate 4135 + -4146 - (22 + 0).
-33
Evaluate (4 - (-17 + (63 - -12 - 0))) + -1.
-55
What is 70 + (-275 - (-276 + 151))?
-80
Evaluate 4 + 1 - ((10 - 49) + 28) - 72.
-56
20 + -11 + 4 + 30
43
Evaluate -111 + 67 + 69 + 86.
111
Calculate (-5 - -79) + (1600 - 1595).
79
What is the value of -134 + (-34 - -84) + 2 + -21?
-103
What is the value of (7 - 8) + -81 - -11 - (-4 + 1 + 5)?
-73
What is 2 + 10 + -1 + -6 + -70 + 0 - -8?
-57
What is the value of 44 - (-1 - (31 - 15) - -24)?
37
What is 61 - ((13 - -3) + 5)?
40
What is -44 + -34 + 7 + 28 + -59?
-102
What is 71 + -1 + (-46 - 17 - -47)?
54
(-2 + -2 + 79 - -4) + 1495 + -1508
66
What is the value of 23 - 6 - (-28 + (39 - 30))?
36
Calculate (-221 - -290) + (1 - 1) + 34.
103
What is the value of (-66 - -6) + (-15 + -1 - -18) - 12?
-70
Calculate (-2 - -25) + 1 + -519 + 518.
23
Evaluate 0 + (12 - 27) + (13 - 3 - 17).
-22
What is 40 + 4 - 38 - 1?
5
What is the value of 0 + -6 - (-4 + -32 + 27) - -64?
67
What is (19 - -3) + (330 - 233)?
119
What is (-17 - (10 + -23)) + (3 + 25 - -4)?
28
What is the value of -41 - (-17 + -16) - 6?
-14
What is -1 - 2 - -3 - (11 - (67 + -3))?
53
What is -66 - ((-1 - 44) + 31)?
-52
What is (5 - (25 + -30)) + (4 + (-4 - -3) - -25)?
38
What is -132 - -86 - (-5 - (-4 - 2))?
-47
Evaluate 40 + 2 - (-2 + -6 - (1185 + -1172)).
63
Evaluate -10 - -31 - (-71 + 131) - -46.
7
What is 1 - ((-35 - -66) + (-10 - -1))?
-21
What is 0 + -3 + 3 + (-51 + 18 - -65)?
32
What is the value of 0 + -7 + -2 + 2 + 13 + -24?
-18
Evaluate -7 + 7 + (-7 - 12).
-19
Calculate 8 + -30 + (-266 - -297) + (2 - 15).
-4
What is 12 + (-23 - (3 - 32) - 27)?
-9
What is the value of 12 + 70 + -140 + 13?
-45
Evaluate (10 - -6) + -19 + -1 - -15.
11
What is -10 + -8 + -1 - (30 + -36 - (1 + 3))?
-9
What is 85 - (-77 - -97) - 61?
4
What is the value of -12 + 6 - (1 - (-14 - (1 + -7)))?
-15
Calculate (60 - -4) + (8 + -6 - (0 - -3)).
63
-5718 + 5660 - (-32 + 1 + 1)
-28
Calculate 131 + -18 + (120 - 115).
118
(-12 - (-18 + (15 - 3))) + 20
14
Evaluate 55 - -22 - (12 + -5 + 14).
56
Evaluate 36 - 33 - (117 + 5 + (-2 - -1)).
-118
Evaluate 7 + 0 + -104 + -57 + (-6 - 18) + 33.
-145
Calculate 28 + 29 + (-49 - 11).
-3
What is the value of (24 - -1) + 1 + 2 + (-22 - (19 - 31))?
18
What is the value of (11 + -23 - -3) + (-46 + -14 - 8)?
-77
What is the value of 11 - -4 - (13 + -15 + 32)?
-15
Calculate (4 - 0 - (-95 + 82)) + -7.
10
What is (343 - 284) + -111 + 10?
-42
Calculate 142 + (-25 - 327) + 85.
-125
Calculate 2 - 25 - (12 - (4 - -13) - -4).
-22
What is the value of (51 - 82) + 63 + 14?
46
Evaluate (12 - -21) + -3 + 7 + 4 + -15.
26
Evaluate 1 - ((-8 - (9 - 13) - -13) + -10 - 58).
60
Evaluate 26 + -1 + (37 - 29).
33
Calculate (-22 - -38) + -5 - (-7 + 15 + 2).
1
7 - (-1 - (6 - 11)) - -2 - (-19 + -54)
78
What is (0 - -8) + 563 + -561 - (2 + 24)?
-16
Calculate -7 + 4 - -8 - -50 - (-14 - (7 + -23)).
53
What is the value of (-124 - (-58 - -64)) + 143?
13
-60 - -33 - -18 - 10
-19
What is 9 + (44 + -28 - 175)?
-150
-24 - -41 - (-26 + -2)
45
Evaluate 122 + -248 - -88 - (2 - -10).
-50
Calculate 323 + -280 - (78 - 3).
-32
What is -19 + -15 + 134 + -33 - -7?
74
Evaluate 12 + -10 + -7 + (-9 - -15).
1
What is the value of 47 + 15 - (4 + -12 + 22)?
48
Calculate -12 + (-4 + (12 - 2) - 9 - 6).
-21
What is -1 - -38 - (1471 + -1413)?
-21
Calculate (112 - (-66 - -26)) + -85.
67
(26 - -1 - (-153 - -158)) + 22
44
Evaluate 21 + (36 - 32 - (26 + -1)) + 4.
4
What is the value of (59 - (19 - 3)) + -88?
-45
What is (2 - 0) + (2 - -19 - (20 - (86 + -49)))?
40
What is the value of -139 - (55 - 80) - -91?
-23
What is the value of -6 + 4 - ((7 - 24 - 18) + -5)?
38
Calculate 8 - (73 + -26) - (-6 - -4).
-37
What is the value of (-183 - -275) + (-178 - -9)?
-77
Calculate 7 + -12 + -1 - (7 - 12).
-1
Evaluate 11 + (-11 - -11 - 6) - (36 - 6).
-25
((7 - 17) + 12 + 10 + -21 - -11) + -42
-40
(1 + -18 - ((-3 - (-9 + 13)) + 4)) + 4
-10
Evaluate -8 - (42 - (84 - 53)).
-19
-4 + 1 + 1 + 10 + 35 + (-12 - 9)
22
Calculate -49 + -13 - (-51 - 4).
-7
What is (-10 - (-28 + 11)) + -11 + 12?
8
What is -15 + 11 - (-10 + -39) - 17?
28
Evaluate (19 - 30) + (67 - 45) - 7.
4
What is 3 + -9 + (19 - 17 - -27)?
23
What is the value of 2 + (-9 - 25) - (-16 + 0) - 92?
-108
What is the value of 9 + -92 - (0 + 11 + -35)?
-59
Evaluate -51 + (35 - -11) + 29.
24
Calculate 34 + 15 - (44 - 49 - (-11 - 0)).
43
-12 - (5 + -10) - (17 - (17 + -4) - 17)
6
What is -15 + -5 - (229 + -194)?
-55
What is -7 - 8 - (-33 + 53)?
-35
Evaluate (39 - (-45 - -47 - -3)) + 62.
96
What is the value of 94 - (-137 + 140) - -4?
95
What is the value of -58 + (10 - (17 + 7 + -32))?
-40
What is the value of -82 + 105 - (91 - 8)?
-60
2 - (81 + (-20 - (-14 - (24 - 15))))
-82
What is -43 + -1 + (28 - 2)?
-18
Calculate (-3 + -2 + 4 - (26 + -19)) + -23.
-31
Evaluate 116 + (-90 - 25) + -72.
-71
Evaluate -15 + (-901 + 852 - (1 + 35)).
-100
What is 1 - (-16 + (-19 - -46)) - -14 - 10?
-6
What is the value of -12 + (-3 - -47) - 83?
-51
What is the value of 95 + (17 - (-19 - -84)) + 22?
69
Evaluate 107 - ((-117 - -12) + 177).
35
What is the value of (-18 - -37 - 71) + 38?
-14
What is the value of (-92 - (-36 + 29) - -31) + (0 - 16)?
-70
What is the value of 17 + (-35 + 7 - -12) - 9?
-8
Evaluate -2 + -32 - (647 + -692).
11
Evaluate -194 + 205 + (15 - 15) + -4 + -92 + 0.
-85
What is 11 + -30 + -40 + (-2 - 13) - -15?
-59
Calculate -7 - -50 - (-12 + (-19 - -40)).
34
Calculate 4 + -28 + 9 - (-29 + -9 - -45).
-22
-10 + 5 + -1 + (2 - (6 - (21 - 2)))
9
Evaluate -52 + (26 - (16 - -6) - 2).
-50
What is 15 + 6 + -10 + -126 - (18 + -1)?
-132
Evaluate -13 - ((21 - 0) + (-3 - -10)) - 8.
-49
-77 + (-2 - -65) + -49
-63
What is -40 - -107 - -17 - (0 - -1 - (4 - 14))?
73
What is 8 + -94 + (3 - -12 - 7) + 9?
-69
What is -22 - (-8 + 12 + (7 - 2) + -15)?
-16
Calculate (-1 - -41) + (-56 - (49 + -98) - (0 - 11)).
44
Evaluate -11